
True
Is 9014986741 composite?
False
Is 895840639 a prime number?
False
Is 11945131607 prime?
True
Is 9121220077 prime?
False
Is 10321093581 composite?
True
Is 14861155913 a composite number?
True
Is 186644535119 a prime number?
False
Is 67188436753 prime?
False
Is 428007389 composite?
False
Is 9872384183 prime?
True
Is 5434106147 a composite number?
True
Is 8006318263 prime?
True
Is 9141696349 prime?
True
Is 14100251827 a prime number?
True
Is 211838719 a prime number?
True
Is 76906822969 prime?
True
Is 5031673001 a prime number?
True
Is 427182251 prime?
True
Is 3585758849 a prime number?
True
Is 8357326267 a composite number?
False
Is 27604357453 prime?
True
Is 11408470357 a prime number?
True
Is 568440533 prime?
False
Is 3540102757 a composite number?
False
Is 9742343791 composite?
True
Is 5523026471 composite?
False
Is 520479683 prime?
True
Is 20276167 a composite number?
False
Is 22534158911 composite?
True
Is 8143423 a composite number?
True
Is 2361534481 a prime number?
False
Is 3892124077 prime?
False
Is 11978765231 a composite number?
True
Is 29672620429 prime?
False
Is 223579153 a prime number?
False
Is 682775095 prime?
False
Is 550388161 a prime number?
True
Is 20516986753 composite?
False
Is 7254373117 prime?
False
Is 1537706167 a prime number?
False
Is 19707322807 prime?
False
Is 2128758277 composite?
False
Is 11071856671 a composite number?
False
Is 2765020367 a prime number?
False
Is 4228276733 a prime number?
False
Is 1026860389 a composite number?
False
Is 2318019299 prime?
False
Is 237559697 a prime number?
True
Is 2913897851 composite?
False
Is 71421321967 prime?
False
Is 2495867254 prime?
False
Is 48813194389 prime?
False
Is 41664691 a prime number?
True
Is 159240301997 composite?
True
Is 1589622013 prime?
False
Is 59310793 prime?
True
Is 8357033858 prime?
False
Is 170058381 composite?
True
Is 750786351091 prime?
False
Is 12551531981 composite?
False
Is 1496924321 composite?
False
Is 3051720955 prime?
False
Is 34600442597 a prime number?
False
Is 57659227889 a prime number?
True
Is 5453012099 a prime number?
True
Is 11161038601 composite?
False
Is 451400293 a composite number?
False
Is 3220024991 prime?
True
Is 56249182243 a prime number?
False
Is 17622094361 a composite number?
False
Is 4220512645 a composite number?
True
Is 213070729969 prime?
False
Is 183401255078 prime?
False
Is 47746434889 a composite number?
True
Is 1689486787 composite?
True
Is 169288828657 a composite number?
True
Is 5220398893 composite?
False
Is 241637642 composite?
True
Is 1956302389 prime?
False
Is 248233607 composite?
True
Is 714733519 a composite number?
True
Is 33965539999 composite?
True
Is 32090113997 composite?
True
Is 2473024007 a prime number?
False
Is 474300061 composite?
False
Is 10499688611 a prime number?
True
Is 12357951373 a prime number?
False
Is 206583181531 a prime number?
True
Is 3584669357 composite?
False
Is 5665913291 composite?
True
Is 1094354851 prime?
True
Is 44506570933 composite?
True
Is 104426701 composite?
False
Is 70652003 prime?
True
Is 1374157357 composite?
False
Is 43888469 a prime number?
False
Is 1001385487 a prime number?
True
Is 75405779231 a composite number?
False
Is 1819563131 prime?
True
Is 728913331 a composite number?
False
Is 134362093 composite?
False
Is 6122770421 composite?
False
Is 24316232581 a composite number?
True
Is 506426951213 composite?
False
Is 542270041 a prime number?
False
Is 5625537053 a composite number?
True
Is 30026432063 prime?
False
Is 228569959 composite?
True
Is 50713000241 a prime number?
False
Is 389933837 a composite number?
False
Is 22753091293 a composite number?
False
Is 6457749901 prime?
True
Is 16084222027 a composite number?
False
Is 4570473377 a composite number?
True
Is 380429887 composite?
True
Is 231225274057 prime?
True
Is 124695377 a prime number?
True
Is 1594779071 a composite number?
False
Is 1474295567 a composite number?
False
Is 56652877 composite?
False
Is 17625967 a prime number?
False
Is 927578573 a prime number?
False
Is 3094790573 prime?
False
Is 41375422523 a composite number?
True
Is 392235007 a composite number?
False
Is 839579401 a composite number?
True
Is 202526431351 a prime number?
True
Is 11707928201 prime?
False
Is 12624156907 composite?
False
Is 16526872909 a composite number?
False
Is 35161309943 a composite number?
False
Is 456162617 composite?
True
Is 81072328187 composite?
False
Is 237959147 a prime number?
True
Is 17920445047 composite?
True
Is 13656270583 prime?
False
Is 9709253863 a prime number?
False
Is 1942735219 a prime number?
True
Is 12696298651 a composite number?
True
Is 690508435 composite?
True
Is 83911809967 composite?
False
Is 3212246801 a prime number?
True
Is 7996463 composite?
False
Is 796312949 a prime number?
False
Is 401760245453 a composite number?
True
Is 373041443 a composite number?
True
Is 121675185157 composite?
False
Is 1214218169 a composite number?
True
Is 390076549 prime?
False
Is 684647053 composite?
True
Is 119070971 composite?
False
Is 362861489 a composite number?
True
Is 1084340861 a prime number?
True
Is 52006337 a composite number?
True
Is 3155464087 a composite number?
False
Is 15015042563 composite?
False
Is 899592787 composite?
True
Is 12753980366 composite?
True
Is 13437310903 prime?
True
Is 329625031 prime?
False
Is 548574877 a composite number?
False
Is 2427819319 composite?
False
Is 13764514391 composite?
True
Is 65723827123 composite?
True
Is 2027745289 a composite number?
True
Is 321229729 prime?
False
Is 181853333 a composite number?
True
Is 1981893451 a prime number?
True
Is 139595237 composite?
True
Is 3949603373 a prime number?
True
Is 22962969959 a composite number?
False
Is 2593189747 a prime number?
True
Is 255353309 a composite number?
True
Is 329535481643 composite?
False
Is 1073395381 a prime number?
False
Is 38642972647 a composite number?
False
Is 656863553 prime?
False
Is 32737919 a prime number?
True
Is 5184471769 composite?
True
Is 54043064417 composite?
True
Is 33996455861 a prime number?
False
Is 8193825931 a composite number?
False
Is 1527539747 composite?
True
Is 1186339457 a composite number?
False
Is 3304259851 prime?
True
Is 16103536297 composite?
True
Is 1246718827 a composite number?
False
Is 1863649147 prime?
False
Is 5578873565 composite?
True
Is 1412278877 a composite number?
True
Is 119308329823 prime?
True
Is 475558451 prime?
False
Is 51733383137 a composite number?
False
Is 168063349 a composite number?
True
Is 2102548222 composite?
True
Is 28653229 prime?
False
Is 1281769031 a prime number?
True
Is 177212621 composite?
True
Is 868768853 a composite number?
False
Is 29994612581 composite?
False
Is 4897788937 composite?
False
Is 814570321 composite?
False
Is 3060398197 composite?
True
Is 22515072761 composite?
True
Is 1864056147 composite?
True
Is 61612104919 composite?
False
Is 677188099 prime?
False
Is 4566929837 prime?
False
Is 3661435051 composite?
False
Is 66728532239 a composite number?
False
Is 16141355189 composite?
True
Is 816228637 prime?
False
Is 6128378409 a composite number?
True
Is 12960873599 a prime number?
True
Is 28684104107 composite?
True
Is 720853169 a prime number?
False
Is 431848787 composite?
True
Is 174950160713 composite?
False
Is 6802474097 a prime number?
True
Is 1474466381 composite?
False
Is 31669817563 composite?
True
Is 880879243 prime?
True
Is 20181311 a prime number?
True
Is 1431096767 a composite number?
True
Is 991423367 prime?
False
Is 40496739089 a prime number?
False
Is 7148497417 a composite number?
False
Is 45956731921 composite?
False
Is 6772557761 composite?
True
Is 2916364337 prime?
True
Is 10969235273 a composite number?
False
Is 2482575371 a prime number?
False
Is 2142078922 composite?
True
Is 516260062937 prime?
True
Is 111747006251 prime?
True
Is 66389125349 prime?
True
Is 11850478693 a prime number?
True
Is 194488979 a prime number?
True
Is 79265884573 a prime number?
False
Is 36697357339 composite?
True
Is 590296841 a prime number?
True
Is 3828661241 a prime number?
True
Is 136901413 a prime number?
False
Is 15784843993 a composite number?
False
Is 4120513559 a composite number?
False
Is 32293024409 prime?
True
Is 36916470511 a composite number?
True
Is 20108537585 a prime number?
False
Is 11028661387 a prime nu